*3 + 0*w + 3*w**2. Let t(c) = -4*b(c) - x(c). Calculate t(-5).
-4
Let w(t) = t**3 - 4*t**2 + 2*t - 4. Let s be w(4). Suppose -s*l + 14 = -3*d, d - 2*l = -7*l + 27. Let o(y) = 2*y + y - 1 + d*y. What is o(1)?
4
Let n be 2*38/16*4. Suppose -4*b = 1 + n. Let j(z) be the first derivative of z**4/4 + 5*z**3/3 - z**2/2 - 4*z - 2. Give j(b).
1
Let z(g) = -3*g**2 + 5*g - 4. Let h(u) = -u**2 + u - 1. Let o(s) = 4*h(s) - z(s). Determine o(2).
-6
Let n(u) = -2*u + 2. Let g(x) = -x**3 - 3*x**2 + 4*x - 3. Let i be g(-4). Give n(i).
8
Let w(d) = d**2 + 8*d - 10. Let o = 28 - 36. Determine w(o).
-10
Let l(r) = r + 1. Let h be l(2). Let j(a) = 3 - 6*a + 4*a + 1 + a**h - 5. Give j(-1).
0
Let g be ((-6)/(-12))/(2/4). Let t(a) = -8*a**3 - a**2 + a - 1. Determine t(g).
-9
Let w(a) = -a**2 - 8. Let k(i) = -1. Suppose 6 = -h + 5. Let l(u) = h*w(u) - 4*k(u). What is l(0)?
12
Let i(y) = 2*y**2 - 4*y + 3. Let h = -36 + 38. Calculate i(h).
3
Let z(c) = -c**3 - 6*c**2 - 11*c - 4. Let f be z(-3). Let j(t) = -t**2 - 5*t - 3. Let k be j(-3). Let r(w) = k*w**2 + 3*w - 4*w + w**3 - 4*w**2. Give r(f).
2
Let w(b) = 5*b - 12. Suppose 5*h + 15 = -2*v, 0*v - 5*v = 2*h - 15. Let i(x) = -2 + 4*x - 4 - 5. Let m(q) = v*w(q) - 6*i(q). Calculate m(0).
6
Let k(n) = -n**3 - 9*n**2 - 9*n - 6. Let l be k(-8). Let w be (1 - -1)*-1 + l. Let j(h) = h + 5. Determine j(w).
5
Let g(t) = -4*t - 1. Let b(r) = -11*r - 3. Let w(u) = 3*b(u) - 8*g(u). Suppose -1 = c - 5. What is w(c)?
-5
Let p be ((-2)/7)/(15/105). Let l(c) = -2*c - 2. Determine l(p).
2
Let w = -26 + 51. Suppose -2*n = -7*n + w. Let b(j) = -j - 4. Give b(n).
-9
Let v(q) = -5*q**2 - q + 1. Suppose 4*r + r - 5 = 0. Determine v(r).
-5
Let u(z) = -z**2 + 7*z - 4. Suppose 3*x = 14 + 22. Suppose -x = -7*b + 4*b. Determine u(b).
8
Let z(a) be the third derivative of -a**5/60 - a**4/24 + 7*a**3/6 - 4*a**2. Let y(v) = -5*v**2 + v + 1. Let c be y(-1). Calculate z(c).
-13
Let r(b) be the first derivative of b**4/4 + 7*b**3/3 - 7*b**2/2 + b + 11. Calculate r(-8).
-7
Let m(j) = 2*j. Let r(l) = -l. Let b(z) = -m(z) + 4*r(z). Give b(-1).
6
Suppose -2*d = -7*d + 3*g - 3, -2*d + 3*g = 3. Let j(z) = -z - 3. Calculate j(d).
-3
Let i = -8 + 12. Let v(h) = -h + 2*h - i + 7 - 2. Calculate v(3).
4
Let o(s) be the second derivative of -s**3/6 - s**2/2 - 7*s. Let r = 1 + 3. Give o(r).
-5
Let k(r) = -2*r - 1. Let l(h) = 2*h + 2. Let o(z) = -6*k(z) - 5*l(z). Let t be o(3). Let m(w) = w**2 - 2*w + 3. Determine m(t).
3
Let h(m) = -m + 8. Suppose -5 = -2*o + 7. Calculate h(o).
2
Let m = -10 + 16. Let w = m - 5. Let k(v) = 13*v**3 - 6*v**2 - 8*v + 7. Let y(u) = 12*u**3 - 5*u**2 - 7*u + 6. Let t(s) = -6*k(s) + 7*y(s). Give t(w).
6
Let v(y) = -14*y**3 - y**2 - 2*y - 1. Let o = 40 - 41. What is v(o)?
14
Suppose 2*k - 9 = -5*o + 11, 0 = 2*o - 3*k + 11. Let f(v) = 2*v**2 - v**o - v + 0*v**2. Suppose 2*h = l - h - 10, 2*h = -5*l - 1. Calculate f(l).
0
Let o(h) = -h**2 - h. Let n(p) = -p**2 - 2*p. Let i be (-4)/14 - 26/7. Let d(q) = i*o(q) + 3*n(q). What is d(2)?
0
Let d(j) = -3*j - 14. Let a(t) = t + 7. Let x(p) = 5*a(p) + 2*d(p). Let g be -5*-1*(1 - 0). Give x(g).
2
Let o(s) = -9*s**2 - 2*s + 7. Let l(p) = -10*p**2 - 3*p + 8. Let m(d) = 5*l(d) - 6*o(d). Give m(-2).
20
Let g(b) = b**3 + 4*b**2 + 3*b - 3. Let y be g(-4). Let w be ((-10)/y)/(2/(-3)). Let v = w + 2. Let l(f) = 2*f**2 + f. Determine l(v).
3
Suppose -j = 5*r - 15, -5*j = 3*r - 12 - 19. Let n(w) be the second derivative of -1/6*w**3 + 0 + 4*w + w**2 - 1/12*w**4. Give n(r).
-4
Let z = 21 - 16. Let i(o) = o - 2. Give i(z).
3
Let v be 29/(-6) + 3/(-18). Let i(k) = -k**3 - 5*k**2 + 2*k + 6. Calculate i(v).
-4
Let q(k) = 0*k + 4 + 0*k - 2*k + k. Let n be q(5). Let h(a) = -a + 1. Calculate h(n).
2
Let p(i) = -i**3 - 5*i**2 - i - 2. Let l = -22 + 17. Calculate p(l).
3
Let n(p) be the first derivative of 2/3*p**3 - 1/2*p**2 - 3*p - 8. What is n(3)?
12
Suppose -3*z = z - 12. Let t(u) be the third derivative of 1/2*u**3 + 1/60*u**5 + 11*u**2 + 0*u - 1/6*u**4 + 0. Give t(z).
0
Let p(b) = b + 9. Let n be p(-5). Suppose -2*j - 16 = -0. Let o = n + j. Let d(a) = -a**2 - a. Give d(o).
-12
Let g(c) = -c**3 + 8*c**2 + 1. Let j be g(8). Let u be j*(-3 + (-6)/(-3)). Let k(a) be the second derivative of a**4/3 - a**3/6 - a**2/2 - a. Calculate k(u).
4
Suppose 2*k = 2*q - q - 3, 4*q + k - 3 = 0. Let c(f) = 10*f**3 - f + 1. Determine c(q).
10
Let j(n) = 4*n - 7*n**2 + 17 + 3*n - 4*n**2. Suppose 0 = 7*d + 4 - 25. Let i(o) = 4*o**2 - 2*o - 6. Let r(u) = d*j(u) + 8*i(u). Give r(4).
7
Let w(k) be the second derivative of -k**5/20 - 7*k**4/12 - 4*k**3/3 - 5*k**2/2 + 6*k + 5. Suppose -4*u - 24 = -0*u. Calculate w(u).
7
Let m(r) = 2 + 4*r**2 - 44*r + 39*r - 5*r**2 + 0. Give m(-6).
-4
Let v be (10 + -2)/(-3 - -5). Let k(r) = 11*r**2 + 3*r - 21. Let q(a) = -5*a**2 - a + 10. Let t(i) = v*k(i) + 9*q(i). Give t(5).
-4
Let v(k) = -7*k - 17 - 7*k - k. Let w(x) = -7*x - 8. Let a(n) = -6*v(n) + 13*w(n). Determine a(0).
-2
Let t = 15 - 12. Let q be 4*(t/1)/3. Let d(m) = m**2 - 5*m + 3. Calculate d(q).
-1
Let f(p) = p + 10. Let k(y) = -3*y - 1. Let x be k(-1). Suppose x*i = -4 - 8. Calculate f(i).
4
Let l(x) = x**3 - 7*x**2 + 5*x + 8. Let u be l(6). Let t(v) = -v**3 + v**2 - 3*v + 1. Give t(u).
-9
Let k(j) = -j**3 - 7*j**2 - 5. Let c be (2/3)/(((-78)/63)/13). Determine k(c).
-5
Let y = 20 + -18. Let w(f) be the third derivative of 0*f + 0 + 1/24*f**4 - 3*f**y + 0*f**3. What is w(1)?
1
Let l(q) = q**3 + 7*q**2 + 7*q + 2. Let t be (32/(-40))/(2/(-25)). Suppose -4*n + f = 22, 2*f + t = -3*f. Calculate l(n).
-4
Let t = -1 + 1. Suppose -3*h - 2*h + 30 = t. Let z = 4 - h. Let i(a) = -a - 3. Calculate i(z).
-1
Let m(i) = -i**3 - 5*i**2 - 3*i - 7. Let l(w) = 4*w**2 + 5*w - 2*w + 6 - w + w**3. Let g(p) = -6*l(p) - 5*m(p). What is g(2)?
1
Let u(q) = -6*q + 6. Let a(t) = -t + 1. Let i(x) = -6*a(x) + 2*u(x). Give i(5).
-24
Let q = 24 + -22. Let o(v) = v**2 - 4*v + 3. Determine o(q).
-1
Suppose 0 = y + 2*y - 9. Suppose -y*a = 4*r + 11, a = 2*a + 2*r + 5. Let t(m) = 3*m - 1. Determine t(a).
-4
Let v(i) = i**3 - 4*i**2 + 5*i - 4. Let f = 19 - 16. Calculate v(f).
2
Let t(s) be the third derivative of -s**4/8 + s**3/6 - 10*s**2. What is t(2)?
-5
Let m(y) = -y**2 + 5*y + 3. Let h(o) = o + 19. Let q be h(-13). Calculate m(q).
-3
Let t(h) be the second derivative of -h**5/20 + 5*h**4/12 + 7*h**3/6 + h**2/2 - 2*h. What is t(6)?
7
Suppose i - 9 = -3*m, 2 = -4*m + 5*i - 5. Let v = m + 0. Let x(y) = -y + 1. Let o(w) = -4*w + 4. Let b(j) = -6*o(j) + 21*x(j). Calculate b(v).
3
Let j(r) = 2*r + 4. Suppose 0 = w - 4*i - 10, i + 0*i = -1. Let p = 3 - w. Let m be 46/(-12) - p/(-18). Determine j(m).
-4
Let v(h) be the third derivative of h**4/24 + h**3 + h**2. Suppose -2*t = n - 0*n, 0 = 3*n + 4*t. Calculate v(n).
6
Let q(p) = 1 + 1 + p**2 + 309*p - 310*p. Determine q(2).
4
Let u(s) = -s - 5. Let m be u(-7). Suppose -4*x + 6 = -2. Let t(c) = 0 + c**2 - 6*c + x + 0*c**m. Give t(4).
-6
Let s = -12 + 7. Let c be s*2*(-9)/(-18). Let n = -9 - c. Let g(a) = a**3 + 5*a**2 + 5*a + 6. Give g(n).
2
Suppose 2*g - 24 = 4*v, -5*g - 6*v + 3*v = 5. Let j = g + -1. Let r(a) be the second derivative of a**4/4 + a**3/6 - 7*a. What is r(j)?
4
Let l(p) be the second derivative of 13*p**3/6 + p**2/2 + p. What is l(-1)?
-12
Suppose -13 - 12 = 5*i, -4*i = 2*f + 16. Let p = 4 - f. Let l(k) = k**3 - 5*k**2 + 4*k + 0*k**2 - 2*k - p. What is l(5)?
8
Let p be ((3 - 1) + 4)*-1. Let j(a) = a**3 + 6*a**2 + a + 3. Let v be j(p). Let m(x) = x**2 - x. Determine m(v).
12
Let m(y) = y**2 - 4*y - 1. Let j(u) = u**3 - u**2 - u + 5. Let s = 7 - 7. Let z be j(s). What is m(z)?
4
Let p(c) = -2*c - 6. Let z be p(-6). Let i(n) = z*n - 4 - 13*n + 4*n + 1. Determine i(-2).
3
Let m(r) = -5 - 336*r + 2*r**2 + 4*r**2 - r**3 + 331*r. Give m(5).
-5
Let n(s) = s**3 + s**2 + 7. Let a be 0/2 - (-14)/7. Suppose -a*g = -3*g. What is n(g)?
7
Let b(u) = 46*u - 26*u - 27*u - 1. Calculate b(-2).
13
Let j(i) be the third derivative of -i**5/15 + i**4/24 + i**3/6 - 80*i**2 + 2*i. Let l = 6 + -4. Give j(l).
-13
Let w(k) = k**2 - 2*k - 1. Suppose -5*o + 45 = 50. Determine w(o).
2
Let x(n) be the first derivative of -n**3/3 + 3*n**2/2 + 2. Let c(q) = -q**3 + q**2 + 2*q + 1. Let b be c(-1). Let p be -2 + b - 0 - -5. What is x(p)?
-4
Let g 